are the prime factors of q(i)?
5
Suppose 2*l = -0*l + 6. Suppose 61 + 23 = l*p. List the prime factors of p.
2, 7
Let d be 6/4*8/(-6). Suppose -4*h = l - 9, 15 = 2*h - 7*h. What are the prime factors of d/7 + 258/l?
2, 3
Let c(v) = -v**3 - 7*v**2 - 6*v + 3. Let r be c(-6). Suppose -3*x + 27 = -0*x - r*a, 4*a + 24 = x. What are the prime factors of x?
2
Suppose 10*j - 7*j = 195. What are the prime factors of j?
5, 13
Let f = 0 + 5. Let j be 2 - (-22 + 1 + 0). Suppose -j = -f*a + 32. List the prime factors of a.
11
Let q(t) = 5*t**2 + t. Let h be q(1). Let n be h/(-2)*(-6)/6. Suppose n*y + 22 = 5*y. List the prime factors of y.
11
Let p = 3 - -2. Suppose 2*y - w + 3 = 0, 1 = p*y + 2*w - 5. Let g = 6 - y. What are the prime factors of g?
2, 3
Let b = 531 - 332. What are the prime factors of b?
199
Let j(o) = o**3 - 2*o**2 - o. Let p be j(3). Suppose -p + 51 = 5*h. List the prime factors of h.
3
Suppose -5*p + 14 = 2*i - 38, 0 = -5*i + 4*p + 196. What are the prime factors of i?
2, 3
Suppose 8 = -x + 3*x. Let z(t) = 1 + x*t**2 - t**3 + 2*t**3 + t - 7*t. List the prime factors of z(-5).
2, 3
Suppose 0 = 4*d - 2*d - 6. Let x = 3 - d. What are the prime factors of 2 - (x + 2 + -3)?
3
Suppose -125 = -6*i + 7. What are the prime factors of i?
2, 11
Let w = 27 - 17. Let y(s) = s**3 - 9*s**2 - 6*s. What are the prime factors of y(w)?
2, 5
What are the prime factors of ((-2)/4 + (-35)/(-10))*25?
3, 5
Let v(j) = j - 6. Suppose 0 = -z - 2 + 8. Let g be v(z). What are the prime factors of 66/3 + 0 + g?
2, 11
Suppose -3*h = h + 8, 3*h + 6 = -2*x. Let a(p) = -p**2 + 3*p. Let f be a(2). Suppose 13 = f*k + 3*b - 5, x = -b + 2. What are the prime factors of k?
2, 3
Suppose 3*k - 2*k - 3*c - 64 = 0, -6 = 3*c. Suppose 0 = -3*z + 5*n + k, -22 - 3 = 5*n. What are the prime factors of z?
11
Let f = 34 - -154. What are the prime factors of f?
2, 47
Let s be 1*6/(-2) + 139. List the prime factors of (s/(-16))/(2/(-4)).
17
Suppose 2*j = -2*n + 170, -4*j = 3*n + j - 263. List the prime factors of n.
3
Let x(j) = j**2 + 2*j. Let w be x(-1). What are the prime factors of (-2)/(4/14*w)?
7
Suppose 3*s + 4*o = 337, -2*s = -7*s + 3*o + 552. What are the prime factors of s?
3, 37
Let j(m) = m**3 + 2*m**2 + 7*m + 6. Let d be j(-4). List the prime factors of ((-10)/(-6))/((-18)/d).
5
Suppose 0 = -k - u + 227, -4*k + 3*k = 4*u - 215. List the prime factors of k.
3, 7, 11
Suppose 5*g - 4*b - 14 = -2*b, 0 = 3*g - 3*b - 3. Let s(q) = -q + 3*q - g*q**2 - 2*q**2 + 3*q**2 - 4 + q**3. List the prime factors of s(3).
2
Let t = 7 + -5. Let i(z) = z**2 - 3*z**2 + 6*z + 6 + z**t. What are the prime factors of i(5)?
11
Let o = -12 + 6. List the prime factors of (o/8)/(9/(-324)).
3
What are the prime factors of (5/2)/(2/(-2 - -174))?
5, 43
Let d(a) be the third derivative of -a**6/120 + a**5/20 + a**4/6 + a**3/2 + 3*a**2. Let c be (-4)/(-1 - 0/(-2)). List the prime factors of d(c).
3
Let n = 18 + 9. What are the prime factors of n?
3
Let s be (-3)/(-4) - 1/(-4). Let a be 5 + -6 - (-2)/s. Let k(h) = 3*h**3 + h**2 - h + 1. What are the prime factors of k(a)?
2
Suppose 4*o - 5*o + 29 = 0. What are the prime factors of o?
29
Suppose 4*q - 3*h - 9 - 15 = 0, 0 = -2*q - 2*h + 12. What are the prime factors of q?
2, 3
Let a be (-4)/(-18) - 43/(-9). Suppose -a*p = -6 - 9. List the prime factors of p.
3
Let r = 2 + -1. Suppose -3*p + 0*p - 5*a = 167, -a = r. What are the prime factors of (-6)/9*p/4?
3
Let a = 14 - 9. Suppose -3*s + a = -5*g, -s + 3*g = 1 - 0. List the prime factors of s.
5
Suppose -5*v + 3*r + 528 = 0, 0 = 3*v + 5*r - 200 - 144. List the prime factors of v.
2, 3
Let y = 39 - 15. What are the prime factors of 64/(-6)*y/(-16)?
2
Suppose 0 = -2*o + 14 + 30. Let l = -10 + o. Let h = -5 + l. List the prime factors of h.
7
Suppose -3*n + 28 = -5*u, -n - 4 = -2*u + 3*u. Let y(m) = -m**2 - 7*m - 3. Let v be y(u). Let a = v + 12. What are the prime factors of a?
19
Let v(c) be the second derivative of -c**3/2 - 3*c**2/2 - c. Let b(m) = -m**2 - 8*m - 3. Let x be b(-8). List the prime factors of v(x).
2, 3
Let v = -2 + 4. Suppose -120 = -2*i - v*i. Suppose -5*n + 0*n = -i. What are the prime factors of n?
2, 3
Let o = 29 - 20. Let f = o + 8. List the prime factors of f.
17
Let n be (-4)/3*(-18)/4. Suppose 4*z + n*l - 52 = 2*l, -z - 7 = 5*l. What are the prime factors of z?
2, 3
Suppose 0 = -r - 5*a - 15, -4*r + 9*r - 3*a - 37 = 0. Let l(u) = 5 - 1 + r*u**2 - u - 3. List the prime factors of l(1).
5
Suppose l - 450 = u - 6*u, u - 3*l = 74. List the prime factors of u.
89
Suppose 3*n + 6 = 6*n. Let f be 5/n*-1*2. Let v = f + 10. What are the prime factors of v?
5
Suppose -5*a + 155 = 4*p - 243, -5*p = 4*a - 502. What are the prime factors of p?
2, 3, 17
Suppose 3*j = -5*k + 133, 0*j - j + 45 = 2*k. List the prime factors of j.
41
Let l(o) = -15*o - 1. Let w(d) = -d**2 - d. Let q(r) = 1. Let z(b) = -q(b) - w(b). Let a be z(0). What are the prime factors of l(a)?
2, 7
Suppose -2*k - 3 = n - 0, k = -5*n + 12. Let v = n - -2. List the prime factors of v.
5
Suppose 0 = -4*l + 9*l - 770. List the prime factors of l.
2, 7, 11
Suppose -2*y + 4*q - 2 = y, 2*y + q = -16. List the prime factors of (-326)/y + 18/27.
5, 11
Let r = 118 + 64. What are the prime factors of r?
2, 7, 13
Suppose -5*q = 3*u - 1, -q + 2*q + u + 1 = 0. Suppose -5*g + q = -4*g. Suppose 0 = 4*p - 3*o - 25, 0*p - g*p = 5*o - 19. What are the prime factors of p?
7
Suppose -2*x - 1216 = -6*x. What are the prime factors of x?
2, 19
Let u = -13 - -18. Suppose 0 = -l + 2, u*s - 24 = -2*l. What are the prime factors of s?
2
Suppose 0 = -t + 2*t. Let s = -6 - t. Let b = 16 + s. What are the prime factors of b?
2, 5
Let z(p) = 4*p**2 - 4*p + 2. Suppose 4*i = 5*c + 3, 2*i - 7 = -4*c + 1. List the prime factors of z(i).
2, 5
Suppose -11*z = -12*z + 308. List the prime factors of z.
2, 7, 11
Suppose -4*b - 3*n + 41 = 0, b - 3*n + 4 = 33. What are the prime factors of b?
2, 7
Suppose -5*p + 12 = -p, -4*d + 5*p = 27. Let i be 39 + -4 + (-6)/d. Suppose c = 3*h - 0*c - i, -3*h + 35 = c. What are the prime factors of h?
2, 3
Let p(f) = -f + 1. Let l be p(-2). Suppose 4*k - 2*v = l*v + 50, -2*k + 3*v + 26 = 0. List the prime factors of k.
2, 5
Suppose 4*g + a + 32 + 52 = 0, 3*a + 76 = -4*g. Let r = g + 16. What are the prime factors of (r*1 - -2)*-1?
2
What are the prime factors of 4/14 + 36780/140?
263
Let j(k) = k**2 - 3*k + 4. Let v(c) = c**2 + c + 5. Let f = -10 - -10. Let q be v(f). What are the prime factors of j(q)?
2, 7
Let w(y) = y + 1. Let v be w(5). Let i = v + 1. Suppose 2*k + 1 = i. What are the prime factors of k?
3
Suppose 4*n - 25 = -3*q, -3*n + 2*n = 2*q - 10. Let o(t) = t**2 + 8*t + 7. Let d be o(-7). Suppose n*m - 44 = -d*m. What are the prime factors of m?
11
Let w = 34 + -57. Let y = 49 + w. What are the prime factors of y?
2, 13
Let o(a) = a + 5. Let i be o(-3). Suppose i*k - 40 = -2*k. List the prime factors of k.
2, 5
Let g = 89 + -46. What are the prime factors of g?
43
Suppose -3*a + 4 + 53 = 3*k, -15 = -a - 3*k. List the prime factors of a/5*(-2 + 7).
3, 7
Suppose -5*q + 23 - 7 = 3*i, 8 = q - i. Suppose -q*l - 57 = -3*a, -2*a - l + 33 = -18. What are the prime factors of a?
2, 3
Let a(v) = v**2 - 12*v + 8. List the prime factors of a(12).
2
Let s(b) = b**2 + b + 65. List the prime factors of s(0).
5, 13
Let f be -1*21/9*18. What are the prime factors of (1 + 0)/((-7)/f)?
2, 3
What are the prime factors of 60*(30/(-9))/(-5)?
2, 5
Suppose 0 = -5*n - 2*q - 40, 4*n - q = -2*q - 29. Let s = -2 - n. Suppose -7*u + 2*u - f + 30 = 0, -2*u + 30 = s*f. What are the prime factors of u?
5
Let p(d) = -d**2 + 6*d - 1. Let x be p(5). List the prime factors of (x/10)/((-6)/(-870)).
2, 29
Let v = 10 - 6. Suppose -15 = -w - v. What are the prime factors of w?
11
Let c(b) = -22*b - 8. List the prime factors of c(-5).
2, 3, 17
Let z(b) be the third derivative of -b**6/40 - b**5/30 - b**4/8 - 5*b**2. List the prime factors of z(-2).
2, 11
Let q = -36 - -61. Let r = q + 12. What are the prime factors of r?
37
Let i = 32 - -29. What are the prime factors of i?
61
Suppose -m + 69 = 36. Let c(g) = 11*g + 2. Let r be c(-2). Let d = m + r. List the prime factors of d.
13
Let c = 500 + -348. What are the prime factors of c?
2, 19
Suppose 40 = 5*g + 5*m, 